the tens digit of u(-4)?
7
Suppose 5*s - 23938 - 3183 = 2*z, 4*s - 21707 = 5*z. What is the tens digit of s?
2
Let g = -4073 - -7306. What is the thousands digit of g?
3
Let c be 31/(-3)*-39*-1 + -2. Let k = c - -867. What is the units digit of k?
2
Let x = -683 + 685. Suppose x*c - 3840 = -4*c. What is the hundreds digit of c?
6
Let k = -5985 - -11749. What is the thousands digit of k?
5
Let n(b) = -b**3 - 117*b**2 + 239*b - 711. What is the units digit of n(-120)?
9
Suppose 4*u + 4*r - 4472 = 0, 2*u - 866 - 1388 = 4*r. Let q = -445 + u. What is the tens digit of q?
7
Let d(m) = m**2 + 8*m + 10. Let o = -14 + 14. Suppose 2*u - 3*u - 49 = 4*s, o = -3*s + 5*u - 31. What is the units digit of d(s)?
8
Let l(d) = d**2 - 2*d + 10. Let n be l(2). Suppose -99 = -n*y - 39. What is the units digit of y?
6
Let z = -1796 - -24. What is the hundreds digit of 48/(-12) + (-6)/(-1) - z?
7
Let k(p) = -6*p**2 + 14*p - 35. Let w be k(9). Let h = w - -932. What is the hundreds digit of h?
5
Let o(u) = 292*u**2 - 199*u + 13. What is the hundreds digit of o(-6)?
7
Suppose 30321 = 3*f + 3*r, 50561 + 20215 = 7*f - 2*r. What is the thousands digit of f?
0
Suppose -3*d + 6 + 3 = 2*m, 4*m = -3*d + 3. Let r(u) be the third derivative of u**5/30 - 5*u**4/24 + 5*u**3/6 + 7*u**2 + 4. What is the units digit of r(m)?
8
Let p be (4 - (-3162)/8) + 4/(-16). Suppose z - 1705 = -p. What is the units digit of z?
6
Let o = -9284 - -18736. What is the hundreds digit of o?
4
Let z(y) = 83*y - 2181. What is the units digit of z(45)?
4
What is the hundreds digit of 2/8*(20/(-8) - (-4688523)/126)?
3
Let t(o) = -o + 1. Let s(b) = b - 2. Let q(y) = -4*s(y) - 3*t(y). Let x be q(0). Suppose 205 = x*v - 190. What is the units digit of v?
9
Let d(v) = -v**2 + 2*v + 37. Let r be d(-5). Suppose 3*k - 652 = -a, 4*k - 2*a - 424 = r*k. What is the tens digit of k?
1
Suppose 2*f - 42982 = 2*x, 0 = 3*f + 107*x - 104*x - 64455. What is the hundreds digit of f?
4
Suppose u + u + 360 = 0. Let w = -915 + 1211. Let s = u + w. What is the units digit of s?
6
Suppose 4*g - 5*n - 5 = -0*n, -g = 3*n - 14. Suppose 5*b + 4*w = 4*b - 2, -29 = 4*b - g*w. Let c(z) = 6*z**2 - 8*z. What is the units digit of c(b)?
4
Let v(o) = -7*o**2 + 41*o + 8. Let c be v(6). Suppose 4*x + 4*g - 5852 = 0, x - c*x = -5*g - 1463. What is the thousands digit of x?
1
Let h(z) = 12*z**2 - 42*z - 36. What is the hundreds digit of h(38)?
6
Suppose -4*i + 44759 = -9*b + 4*b, -5*b - 22367 = -2*i. What is the tens digit of i?
9
Let k(d) = -2*d - 10. Let z be k(-6). Suppose z*c - 6 = -c. Suppose -29 = -c*y + 57. What is the units digit of y?
3
What is the units digit of (-1073226)/(-209) - (-1)/(-19)?
5
Let m be (-7)/14*1*-90. Suppose m*u = 46*u - 119. What is the hundreds digit of u?
1
Let x be (-12)/(-102) + 32/17. Suppose 4*b + 180 = x*w, -b - 2 = b. What is the units digit of w?
8
Let u = -36 + 20. Let r = 0 - u. What is the units digit of 11/(1/(r + -2 - 1))?
3
Let j = 503 + -358. Let g = 188 - -83. Let c = g - j. What is the hundreds digit of c?
1
Let f = 624 - 1032. Let i = 877 + f. What is the hundreds digit of i?
4
Let w(n) = n**2 - 7*n - 18. Let f be w(9). Suppose -j - 5*b + 22 = f, -5*j + 11*b = 6*b - 200. What is the units digit of j?
7
Let n(i) = -i**2 + 3*i + 153. Let a be n(0). Let c be (-8)/6*3*-1. Suppose 0 = c*k - a - 179. What is the units digit of k?
3
Let c = 115 + -71. Suppose -5*r + 5*b = -105, r + 2 = 5*b + 7. Let y = r + c. What is the units digit of y?
9
Suppose -4*s + 3605 = 2*c + 1089, 0 = 3*c - 6. Suppose -s = -2*j - 2*n, -11*j - 3*n = -10*j - 310. What is the hundreds digit of j?
3
Suppose 219*a - 176*a = 488609. What is the tens digit of a?
6
Let u = 18 + -798. What is the thousands digit of ((-21)/(-2) + -2)/((-6)/u)?
1
Let r(k) = 64*k**3 - 7*k**2 - 24*k + 101. What is the thousands digit of r(4)?
3
Let i = -44 - -44. Suppose -2*w + v + 75 = i, -w - 2*v = 2*w - 95. Suppose -r = -2*p + 83, -p = -4*r + 4 - w. What is the tens digit of p?
4
Suppose 225*g - 636 = 222*g + 5*k, 4*g - 3*k - 826 = 0. What is the units digit of g?
2
Suppose 140*g - 126*g = 28. Suppose g*k + 0*l - 4*l - 2788 = 0, 0 = 3*k - 4*l - 4184. What is the thousands digit of k?
1
Suppose -34*u + 47*u + 1859 = 0. Let d = 362 + u. What is the hundreds digit of d?
2
Let b be (-9 - -19)*(-15)/(-10). What is the tens digit of 4308/b*(5 + -1 + 1)?
3
What is the units digit of (1590/18)/(17/102)?
0
Let p = 2 + -19. Let v be -1 + (-51)/p*(-1)/3. Let a = 79 - v. What is the units digit of a?
1
Let u(i) = i**3 - 11*i - 1. Let q be u(-4). Let n be (-7)/q - (-10)/(-3). What is the units digit of -26*(-1 - 9/n)*-1?
2
Let d = 97563 - 54927. What is the thousands digit of d?
2
Let a(l) = -l**3 - 3*l**2 - 2*l - 7. Let d be a(0). What is the tens digit of 188/(d*(-12)/42)?
9
Suppose -q + 3054 = -0*g + g, -3*g - 4*q = -9165. Suppose 14*p + 13*p = g. What is the units digit of p?
3
Suppose 3*h = -l - 209, 6*l - 2*l = 2*h - 780. Let q = l + 509. Suppose -48*g = -45*g - q. What is the tens digit of g?
0
Let p be (-1 - -157)/1 + (1 - 4). Suppose -p*q + 154*q = -112. Let h = 108 - q. What is the tens digit of h?
2
Suppose 2*z - 14061 = -u, 4*u + 5078 = z - 1975. What is the units digit of z?
3
Suppose 13*o = -5*c + 6*o + 291094, 5*c = 5*o + 291010. What is the thousands digit of c?
8
Suppose 4*y + 4*q = -q + 11, -3*q = -9. Let h be y*(-8)/(-60) + (-6)/(-45). Suppose -1176 = -h*p - 14*p. What is the tens digit of p?
8
Suppose -29*k = -44*k + 46860. What is the units digit of k?
4
Let o(f) = -f**3 + 5*f**2 + 24*f + 3. Let k be o(8). Let x = 16 - 13. Suppose 6*s - x*s = -k, -2*s - 170 = -2*d. What is the tens digit of d?
8
Let d = 14796 - 7336. What is the units digit of d?
0
Suppose -32*b + 28*b - 3*x + 1516 = 0, b - 386 = x. What is the tens digit of b?
8
Let y = -15 - -4. Let x be (-4 - -1)*(y + 13). What is the units digit of (x/(-18))/((-1)/(-222))?
4
Suppose -79*x = -56*x + 14099. Let m = x - -1045. What is the hundreds digit of m?
4
What is the units digit of (-2)/(-9) + (-11)/(792/(-133472))?
4
Let p(c) = -c**3 + 3*c**2 + 36*c + 25. Let x be p(11). Let n = -163 - x. What is the hundreds digit of n?
3
Let b be (-8)/(-28) - 564/14. What is the hundreds digit of 4/(16/618) - (-20)/b?
1
Let a be -1*18/(-24)*232. Suppose 0 = -a*n + 161*n + 13403. What is the units digit of n?
1
Suppose 6351*m - 3504 = 6359*m. Suppose -3*o = -0 + 3. What is the units digit of ((-10)/6 + 2)/(o/m)?
6
Let i be 0 + (-3)/(6 + -5). What is the hundreds digit of 3/(7 + i - 307/77)?
2
Let y(v) = 18*v**2 - 6*v + 4. Let j(k) = -k**3 - 6*k**2 - 11*k - 8. Let z be j(-4). Suppose 3*c - 6 = c + 2*w, w = 2*c - z. What is the units digit of y(c)?
6
Suppose 4*k + c - 50623 = 0, 61*c - 15 = 64*c. What is the hundreds digit of k?
6
Let p = -22 - -22. Suppose v = -2*x + 4*v - 7, p = 4*x - v - 11. Suppose 1 = x*a + 5, 0 = -b - 2*a + 39. What is the units digit of b?
1
Suppose -s + 2*s = -195. Suppose 41*v + 259 = -274. What is the units digit of (0 - (-2)/v) + (-29670)/s?
2
Suppose 3*q + 8 = -5*y, -q + 5*q - 5*y - 36 = 0. Let s(g) be the first derivative of -g**4/4 + 2*g**3 - 3*g**2 + 6*g - 20. What is the units digit of s(q)?
4
Suppose -72704 = -10*h - 40943 + 53029. What is the tens digit of h?
7
Let n be (17/51)/(2/6). Let q(i) = 31*i. Let j be q(n). Let m = j + 1. What is the tens digit of m?
3
Let s(w) = -6*w + 4. Let v be s(-2). Suppose -13*d = -v*d. Suppose 5*l + 5*g - 275 = d, 3*l - 4*g - 155 = -2*g. What is the units digit of l?
3
Let g(p) = -37*p - 42. Suppose -d + s = -7, 5*s - 7 = 3*d + 9*s. Suppose 0 = -d*c - 0 - 24. What is the tens digit of g(c)?
5
Suppose l = -18*l + 68400. Suppose 5*u - 10*u = -l. What is the hundreds digit of u?
7
Let o(h) = -25*h + 17. Let a be o(3). Let z = -58 - a. Suppose z = -4*d + 3*n + 44, -d + 11 = -0*d + 2*n. What is the units digit of d?
1
Suppose 0 = -d - 3*f - 15, 0 = 5*d - 5*f - 26 + 1. Suppose 2*g + r - 5*r - 980 = d, -5*g + 2408 = 4*r. What is the tens digit of g?
8
Let u be (-3 - (-66)/24) + 33/(-12). Let o(t) be the first derivative of -35*t**2/2 + 9*t + 6. What is the hundreds digit of o(u)?
1
Let p(g) = g**3 + 25*g**2 + 33*g - 57. Let h be 0 - (-2 + 26) - -1. What is the hundreds digit of p(h)?
2
Suppose -11*d = 4*d + 195. Let t be (-1 - (-14)/(-6